 + -1 - f). Let i(p) = -2*p**2 + 6*p**2 + 3*p - 6 + 0 - p**3. Give i(c).
6
Let q(i) = 11*i**2 - 10*i + 10. Let y(t) = -4*t**2 + 3*t - 3. Let x(w) = 3*q(w) + 8*y(w). Calculate x(5).
1
Let t(o) = o**2 + 4*o - 7. Suppose 0 = -3*b - 7 - 11. Determine t(b).
5
Let l(q) = 4*q + 5*q**2 + q**3 - 4 - q - 9*q - 2. What is l(-6)?
-6
Let u(r) = -r**3 - 2*r**2 + 3*r + 1. Let i be u(-3). Suppose -i = f - 2. Let d(k) = 3*k - 3*k**3 + 3*k**3 - 6*k**3 - 4*k + 2*k**2. Determine d(f).
-5
Let v(c) = -5*c**3 - 10*c**2 - 10*c + 4. Let i(d) = 14*d**3 + 29*d**2 + 29*d - 11. Let o = 14 - 3. Let p = o + 0. Let y(k) = p*v(k) + 4*i(k). What is y(-5)?
-5
Let x(r) be the second derivative of -r**6/360 + r**5/40 + r**3/6 + 2*r. Let n(h) be the second derivative of x(h). Let t = 5 + 0. Give n(t).
-10
Let h(w) = -w + 10. Let n(j) = -j + 9. Let f(t) = 4*h(t) - 5*n(t). Give f(8).
3
Let l(a) = -a - 2. Let o be 1 - (-8 - -2 - -4). Suppose 3*q + 6*w = 5*w + 21, 15 = q + o*w. What is l(q)?
-8
Let k(q) = -2*q**2 + 6*q - 5. Let v(b) = 2*b - 14. Let p be v(9). Calculate k(p).
-13
Let j(r) = -5*r + 3. Let w(c) = -26*c + 16. Let u(f) = -16*j(f) + 3*w(f). Let k be u(1). Let t(z) = -k*z**3 - 3 + 3*z**3 + 7*z + 9 + 6*z**2. What is t(-5)?
-4
Let q(g) = -7*g - 4. Let p(j) = j + 0 + 7*j + 5. Suppose -b + 4*b + 12 = 0. Let k(w) = b*p(w) - 5*q(w). Determine k(-3).
-9
Let t(w) = w**2 + 3*w - 7. Suppose 2*s = -3*x - 9 - 15, -3 = s. Determine t(x).
11
Let c(q) = 3*q**2 + 0*q**2 + 2*q - q**3 + 4*q**3 - 4*q**3. Let u = -2 - -6. Calculate c(u).
-8
Let q = -5 + 10. Suppose -q*s - 24 = -84. Suppose -l = -0*l + 4*k + s, -5*l + 40 = -5*k. Let x(m) = -2*m + 4. Determine x(l).
-4
Let k(m) = m**3 + m**2 - m. Let v(b) = -6*b**3 - 3*b**2 + 5*b + 1. Let u(c) = 2*k(c) + v(c). Give u(-2).
23
Let t(l) = l + 1. Let j be t(4). Suppose -3*a - 4 = -j*a. Let w(o) = 2 + 8*o**a + 3 - 6. Give w(-1).
7
Let u(w) = w**3 + 4*w**2 + 10*w + 21. Let b be u(-3). Let c(y) = -y**2 - 1 - y + 1. Calculate c(b).
0
Let v(d) = 4*d**3 + d**2. Suppose -15 = -2*o - o. Let f = 9 - o. Suppose 0*r - 15 = 3*b - f*r, 4*b + 16 = 4*r. Calculate v(b).
-3
Suppose -4*t - t + 10 = 0. Suppose -t*x = -0*m - 5*m - 13, -5 = 5*x. Let b(w) = -w**2 + 2. Determine b(m).
-7
Let p(l) = 3*l - 3. Let q(g) = 2. Let a(m) = p(m) + 3*q(m). What is a(-5)?
-12
Suppose 0 = -2*l + l. Suppose 2*w + 8 + 2 = l. Let g(j) = -j**2 - 3*j + 4. Determine g(w).
-6
Let i(p) = -p**3 + 8*p**2 - 2*p + 6. Let g be i(8). Let x = g - -13. Let s(m) = 3*m - 4. Give s(x).
5
Let t(o) be the first derivative of -4 + o + 5/2*o**2 + 4/3*o**3 - 1/4*o**4. Calculate t(5).
1
Let d(x) = 3*x - 2. Let t = 6 - 4. Let g be (6/(-9))/(4/(-6)). Let l be (3 - t)*g*3. Determine d(l).
7
Let f(t) be the first derivative of -t**4/4 + t**3/3 + 145. Suppose 3*i - o + 7 = 0, 6*i = 4*i - 4*o. Calculate f(i).
12
Let x(s) = -s**2 + 2*s + 3. Let l = -177 - -181. Determine x(l).
-5
Let m(u) = -5*u**2 - 2*u + 3. Let d(j) = -6*j**2 - 4*j + j - 12 + 16. Let i(l) = -4*d(l) + 5*m(l). What is i(3)?
-4
Let c(n) = -3*n**2 - 3*n**2 + 6*n + n - n**3 + 0 + 2. Let a be c(-7). Suppose a*m = -3*m. Let h(f) = -f + 2. Give h(m).
2
Let m = -15 + 11. Let w(u) = -u**2 - 6*u - 3. Let t be w(m). Let x(p) = 0*p + p**2 + 5*p - 2*p**2. Determine x(t).
0
Let m be -2 - (27 + -3)/(-4). Suppose -v + 5*s = -25, -4*v - 3*s = 19 - m. Let d(w) = w - 3. Calculate d(v).
-3
Suppose 12 = 4*x, -z + 4*x - 9 = 2*z. Let q(g) = 9*g**2 + 1. What is q(z)?
10
Let z(c) = 2*c**2 + c - 1. Let x(v) = 2*v. Let i be x(-1). Let q be z(i). Suppose 0 = 4*j - q*o - 8, -j + 0 = 3*o + 15. Let r(l) = 2*l - 2. Give r(j).
-8
Let r(t) = -170 - 9*t + 159 - t**2 - t. Give r(-9).
-2
Let y(d) = -2*d + 3. Let r(i) = -i**2 + 10*i - 4. Let j be r(9). Suppose 6*v - 10*v + 16 = 0. Suppose v*p - 9 = -5*f + j*p, 2*f - 6 = -2*p. Give y(f).
-1
Let d(p) = p**2 + 1 + 3*p + 6*p**2 + p - 8*p**2. Give d(6).
-11
Let o(x) = 3*x + 1 + 5*x + x + 2*x. Suppose 0 = -3*w - 0*z - 3*z - 36, -z + 24 = -2*w. Let v be 4/w - (-2)/(-3). Calculate o(v).
-10
Let v(z) = 10 - 4*z + 5*z**2 - 8 - z**2. Determine v(2).
10
Suppose -11*v - 5 = -12*v. Suppose 0 = f + 3, -5*r + 7 - 37 = v*f. Let s(y) = 3*y - y**2 - 3*y + 4. Give s(r).
-5
Let l(t) = -t**2 - 2*t. Let m be 14/6 + (-4)/(-6). Suppose m = 4*d + 3*x, -3*d + 5 = 4*x - 6. Give l(d).
-3
Let b(w) = 2*w - 6. Let h be b(4). Let a(r) = -1 + 2 + r**h - 2*r**2 - 2 + 5*r. What is a(6)?
-7
Let d(i) = -i**2 - 5*i - 1. Let l be d(-4). Suppose -4*q + l*q + 7 = 2*v, 2*q + 2*v - 8 = 0. Let o(m) = 7*m**3 - m. Calculate o(q).
6
Let p be 2*(3 - 1)/4. Let i(m) = -m - 3 - 5 + p + 5. What is i(-4)?
2
Let j(u) = u**3 - u**2 + 7. Suppose 0*c = 5*c. Give j(c).
7
Suppose -3*x - 2*x - 3 = -3*w, -x = 0. Suppose -w + 22 = 3*r. Let y be (1 - -2) + r/(-1). Let c(u) = -u**3 - 3*u**2 + 4*u - 5. Determine c(y).
-5
Let s(n) = 5*n**2 + 3*n + 4. Let u(t) = t**2 - 7*t + 7*t. Let b(z) = s(z) - 6*u(z). Let y = -11 + 15. Give b(y).
0
Let h(s) be the second derivative of s**3/6 - s. Give h(-6).
-6
Let o(k) be the first derivative of k**2 - k - 15. Calculate o(-3).
-7
Suppose -48 = -3*z + 12. Suppose o - z = -0*u - 4*u, 4*u - 44 = 5*o. Let y(v) = 4 - 4 - u*v. Calculate y(1).
-6
Let g(j) be the first derivative of j**4/4 - 2*j**3 + 3*j**2/2 - 5*j + 2. Determine g(6).
13
Suppose -b - 2 + 0 = 5*u, 3*u = 0. Let x(z) = -z**3 - z**2 + 3*z + 2. What is x(b)?
0
Let l(k) be the first derivative of k**3/3 + 5*k**2/2 + k - 4. Give l(-4).
-3
Let o(v) be the second derivative of 0 - 1/12*v**4 + 1/2*v**2 + 1/6*v**3 - v. Let c(j) be the first derivative of o(j). Calculate c(-4).
9
Suppose -2*k = k - 3. Let i = 1 + k. Let p(w) = 4 - 1 + w**i - 2. What is p(2)?
5
Let b(d) = d**2 + 5*d + 2. Let o be 4/(-2)*(3 + -1). Let i(g) = -4*g - 2. Let a(l) = 3*l + 1. Let q(r) = 3*a(r) + 2*i(r). Let j be q(o). Calculate b(j).
2
Suppose -4*h = -63 - 25. Let l(f) = -11 + 2*f - 14 + h. Calculate l(4).
5
Let p(j) = -2*j**2 + 3*j**3 + 0*j**2 - 4*j + 5*j. Let h be p(1). Let v(d) = -d**2 - 2*d + 3. Calculate v(h).
-5
Let m(n) be the first derivative of -2*n**3/3 + n**2/2 + n - 3. Let v(k) be the first derivative of m(k). Let w be (-10)/(-4)*4/5. Give v(w).
-7
Suppose -97*y + 99*y + 20 = 0. Let q(x) = x + 9. Calculate q(y).
-1
Let r(t) = t**3 + 4*t**2 - 3*t + 2. Suppose 0 = 2*k - 15 + 25. Determine r(k).
-8
Let f(b) = b**3 - 5*b**2 + b - 3. Suppose g = -3*g + 20. What is f(g)?
2
Let v(h) = -20*h + 3 + 23*h - 1. What is v(-2)?
-4
Suppose 2*i + 3*f - 23 = -3*i, 2*i + 4*f - 12 = 0. Let y = 3 - 0. Let x(a) = 4*a**3 + y - 3*a**3 - 2 - 4*a**2. What is x(i)?
1
Let i(y) = y**2 + 8. Suppose 3*r = -0*r + r. Calculate i(r).
8
Let t(z) = -10*z + 4. Let w(h) = -h. Let d(y) = -t(y) + 4*w(y). Let q(x) = -5*x + 3. Let s(a) = -4*d(a) - 5*q(a). Calculate s(-1).
0
Suppose -2*j = -3*j. Let y(g) = 0*g + 13 - 3*g - 4*g + 0*g. Let m(x) = 3*x - 7. Let f(v) = -9*m(v) - 4*y(v). Calculate f(j).
11
Let o(n) be the third derivative of 0 - 2*n**2 + 1/60*n**5 - 1/2*n**3 + 1/6*n**4 + 0*n. Suppose 0 = 5*b - 2*j + 27, -5*b + 0*j - j - 24 = 0. Give o(b).
2
Suppose 0 = 4*c - c + 9. Let v(j) = -2*j**3 - 4*j**2 - 1. Determine v(c).
17
Let g(o) = -o**3 + 4*o**2 - 1. Let a = -14 + 18. Give g(a).
-1
Let s(o) = o - 10. Let u be s(12). Let i(t) be the second derivative of -1/6*t**3 + u*t + 3*t**2 - 1/12*t**4 + 0. Give i(0).
6
Let t(r) = r**3 - 3*r**2 + 4*r - 2. Let d be t(2). Suppose z = -2*z + 5*o + 1, -7 = -z - 5*o. Let n(x) = 0*x**d + x**z - 6*x + 6 + 0. Determine n(6).
6
Let p(x) = -x**2 + 3*x + 4. Suppose 2*j = 4*j + 40. Let g be (-8)/j + (-23)/(-5). Calculate p(g).
-6
Let r(o) = 6*o - 2. Let g = -6 + 8. What is r(g)?
10
Let l(g) be the second derivative of g**5/20 - g**4/3 + g**3/6 + g**2/2 + g. Let b = -7 - -27. Suppose b = -2*y + 7*y. Give l(y).
5
Let p(u) be the second derivative of 3/2*u**2 + 0 - u - 1/6*u**3. Calculate p(5).
-2
Let g = -4 + 7. Let q(m) = -m - 1 + 3*m - 1 - g*m**2 - m**3 + m. What is q(-4)?
2
Let x = 11 + -9. Let b(h) = -h**3 + 3*h**2 - 3*h + 1. Calculate b(x).
-1
Let b(h) be the third derivative of 0*h**3 + 0*h + 0 + 2*h**2 + 5/24*h**4. Give b(-1).
-5
Let v(y) = y**3 + y. Let i(m) = -m + 4. Let u be i(6). Let q be 1 - (0 + u + 2). Let w = q - 1. Determine v(w).
0
Suppose -2*x + 2 - 20 = -3*f, -3*x + 24 = 4*f. Let g(m) = m**2 - 5*m - 5. Calculate g(f